et l be i(-7). What is the greatest common divisor of 5 and l?
5
Let i = -4860 - -7338. What is the greatest common divisor of i and 336?
42
Let d(h) = -2*h**2 + 5*h - 79. Let w(t) = 5*t**2 - 16*t + 237. Let k(o) = -8*d(o) - 3*w(o). Let q be k(6). Calculate the greatest common divisor of q and 1.
1
Let l(w) = 4*w**2 + 307*w - 646. Let c be l(-79). What is the greatest common factor of 6955 and c?
65
Let v be ((-9)/(6/2) - -5) + 222. Let w(k) = k**2 + 13*k + 9. Let z be w(-6). Let i = z + 61. What is the greatest common factor of v and i?
28
Suppose 3*c - 9743 = -1592. Suppose -20*w + 1703 = -c. Calculate the greatest common divisor of 17 and w.
17
Suppose 316*w - 381*w + 1885 = 0. What is the greatest common factor of 34 and w?
1
Suppose 3*w - 25 = -5*c, 3*c - 26 = c + 2*w. Suppose -6 = 5*v - c*v. Suppose p = 3*d - 0*d - 3, -d - v*p = -8. What is the highest common factor of d and 8?
2
Let d be ((-140)/(-25))/(3384/(-680) + 5). What is the highest common factor of 392 and d?
14
Suppose -g + 76 = -5*m - 0*g, 5*g = m + 20. Let v be (-31)/6 - 3/(-18). Let p be (-9)/v + 2/10 - m. Calculate the highest common divisor of 85 and p.
17
Let r(p) = 7*p + 10. Let f be 704/132 + (1/(-3) - 0). Let m be r(f). Suppose a = 2*a - m. Calculate the highest common divisor of 45 and a.
45
Suppose -4*p + 3*c = -1537, -5*p + 16771*c - 16772*c + 1869 = 0. Let y be (0 - -140) + (-2)/(-2). What is the highest common divisor of p and y?
47
Let a be 8/6 + (7072/(-3))/(-32). What is the highest common factor of a and 425?
25
Let a be (0 + -59)*(2 - 18)/16. What is the highest common divisor of 16225 and a?
59
Suppose -63*u - 90*u = -539019. What is the highest common factor of u and 2439?
271
Let b(j) = 25*j**2 + 4*j + 1. Suppose 5*f = -0*h + 2*h + 5, -4*h = f + 21. Let o be b(f). What is the greatest common factor of o and 2?
2
Suppose 4*f - 4*d = 278 + 90, -4*f = -5*d - 370. Let b = -429627 - -429647. Calculate the highest common factor of f and b.
10
Suppose -198 - 14 = -4*f + b, -3*f - 4*b + 178 = 0. Calculate the greatest common factor of 900 and f.
18
Let w(o) = o**3 + 24*o**2 - 30*o - 81. Let r be w(-25). Calculate the highest common factor of 10516 and r.
44
Let i = 2206 + -872. What is the greatest common factor of i and 174?
58
Let z(l) = l**2 + 10*l + 23. Let q be z(-8). Suppose -10*w + q = -13. Suppose w*x - 3 = 17. What is the greatest common divisor of 40 and x?
10
Let v = 179 + -176. Let y be (6 - (13 - v)) + 31. What is the highest common divisor of y and 6?
3
Let r be ((-33)/(-9))/(-7 + 557140/79590). Calculate the highest common factor of r and 77.
77
Let m = -5129 - -5161. What is the greatest common factor of 3200 and m?
32
Let h = -57 + 62. Suppose -2*t - 5*p + 1 = 5, p - 13 = -h*t. Let b be t - (3 + -3) - -22. Calculate the highest common divisor of 225 and b.
25
Let w = -2 + 41. Let n(z) = -21*z + 139. Let o = 911 + -905. Let t be n(o). What is the highest common divisor of w and t?
13
Let f = 234 + -229. Suppose 5*v - 5*n - 77 = 8, 4*n + f = v. Calculate the greatest common factor of v and 42.
21
Let m = 6540 + -6420. Let b be -1 + 2/(-3)*-6. Suppose b*s = -5*y + 62, 3*y = 2*y + 3*s - 2. Calculate the highest common divisor of m and y.
10
Let x = -22310 + 22380. Suppose 0*u + 42 = 3*u. What is the highest common divisor of x and u?
14
Suppose q + 2*x = -2*q - 4, 0 = 5*q - 4*x - 30. Let c = 337 - 121. Suppose -f + q*f = c. Calculate the highest common factor of 54 and f.
54
Suppose -5*a - 4*c = -455, -2*c = -a - 4*c + 97. Suppose -4*b + 57 + a = 0. Let r = 327 + -309. Calculate the highest common factor of b and r.
18
Suppose 42 = -9*x - 66. Let c be ((-54)/x - 5)*-62. Let l be (-2)/8 + (-621)/(-4). Calculate the greatest common divisor of c and l.
31
Let v be 498/(567/(-54) + 12). What is the greatest common divisor of 284 and v?
4
Suppose 6 = 20*t - 22*t. Let u be (t - -6)*1 - -24. Suppose 12*m - 4*m = 144. Calculate the highest common factor of m and u.
9
Let x(z) = -z - 5. Let d be x(-3). Let m be d/2 + 2 + 5. Let w be ((-4)/(-12))/((-4)/(-360)). What is the highest common factor of m and w?
6
Let c be 2/(-6) - -6*154/99. Suppose l + 3724 = 5*g, c = -4*l - 7. What is the highest common factor of g and 31?
31
Let a be -8 + (1 - -7) + 4. Let i = -55 + 227. Calculate the greatest common factor of a and i.
4
Let t(f) = f**2 - 17*f + 14. Let x be t(16). Let i(o) = -2*o - 4. Let u be i(x). Suppose k = -u*k + 7. Calculate the highest common factor of 14 and k.
7
Let m be 138*3/9*3 + 2. Let i(k) = 2*k**2 - 53*k - 157. Let c be i(-3). What is the greatest common divisor of c and m?
20
Let i be 384/((-2)/(-72)*12). What is the greatest common factor of 132 and i?
12
Suppose -544*f = -329*f - 127710. Let o = 11 + 11. What is the greatest common factor of f and o?
22
Suppose -2*o - 36*a + 31*a = -11495, -3*o + 17162 = -4*a. Calculate the highest common divisor of 30 and o.
30
Let c be (-12 + (-315)/(-30))*(-10318)/3. What is the highest common factor of c and 77?
77
Let b be ((-48)/(-15))/(0 - 4/(-120)). Suppose 0 = l - 4, -s - 3*s + b = 3*l. Calculate the greatest common divisor of 357 and s.
21
Let c = 148 - 142. Let d be 16 + 3/(c + -3). What is the greatest common factor of d and 153?
17
Let x(v) = -3*v + 7. Let z be x(-5). Suppose -2*n + 56 = 3*d, 2*n + 52*d - 52 = 50*d. What is the highest common divisor of n and z?
22
Let j = 110 - -177. Suppose 288*x = j*x + 333. What is the highest common divisor of 9 and x?
9
Let w = 15951 + -15947. What is the highest common factor of 3686 and w?
2
Suppose o + 3 + 11 = 0. Let c(b) = 2*b + 2*b - b + 38 - 4*b. Let g be c(o). What is the greatest common factor of 4 and g?
4
Let f = 191 + -191. Let w(n) = 6*n + 180. Let g be w(f). What is the highest common factor of 20 and g?
20
Let v = -279 + 286. Suppose 0 = 9*g - v*g - 20. Suppose -2*w = -26 - 4. What is the highest common divisor of w and g?
5
Let w be (4/6)/(22/132) - -89. What is the greatest common factor of w and 1767?
93
Suppose -277 = -19*o + 426. Suppose -2*u - 11 = -5*u - 4*n, -3*u + 4*n - 29 = 0. Let v = o - u. What is the greatest common factor of v and 5?
5
Let p(y) = y**2 - 65*y - 1980. Let m be p(-34). What is the greatest common divisor of m and 2002?
154
Suppose -443 = 11*j + 437. Let n = j + 129. What is the greatest common factor of 7 and n?
7
Suppose -160*k + 19316 = -39192 - 12852. Calculate the highest common factor of 223 and k.
223
Let g(l) = -7*l**2 + 4*l**3 - 11*l + 14*l**2 - 11 - 3*l**3. Suppose 8 = w + t + 20, -3*t = 15. Let u be g(w). Calculate the highest common divisor of 6 and u.
6
Suppose 5*j = 3 + 12. Suppose 5*c + j*k = -216, -3*c + k = 4*k + 132. Let i = -28 - c. Calculate the highest common factor of i and 21.
7
Let w = 161 + -110. Let t = w + -31. Let u = 629 + -469. Calculate the greatest common factor of u and t.
20
Let f(y) = 4*y**2 + 3*y. Suppose 5*q - 3*w = 45, -q + w - 14 = 5*w. Let k be f(q). Suppose 258 + k = 4*s. What is the greatest common factor of s and 21?
21
Let b = -15547 + 15554. Calculate the highest common factor of 21875 and b.
7
Let w be ((-43)/4 + 2)/((-50)/600). Let t be 3/(-5) - 54/10. Let l(v) = -11*v + 4. Let c be l(t). What is the greatest common factor of w and c?
35
Let h be 1/7 + 4/((-28)/15). Let r be (-1 - -2)*h/(-2). Suppose -2*u + 3 = -r. Calculate the greatest common divisor of 2 and u.
2
Let x = -4942 - -5787. Calculate the highest common factor of x and 15.
5
Suppose 6539 = 51*b - 420 + 1349. What is the highest common factor of b and 170?
10
Suppose 5*b - 32*r - 12740 = -33*r, -5*r - 5096 = -2*b. What is the highest common factor of 14 and b?
14
Suppose -2*n = 3*x - 49, -x - 2*n + 10 + 9 = 0. Suppose x = -2*v + 35. Let k be ((-33)/12)/(2/(-80)). Calculate the greatest common factor of v and k.
10
Let p(f) = 5*f**3 + 3*f**2 + 5*f - 5. Let t be p(3). Let r = -52 - -53. Let l be 2/(2/3) - (r - 41). Calculate the highest common factor of t and l.
43
Let o be (146/219)/(2/603*3). What is the greatest common divisor of o and 2010?
67
Let o = -68 - -113. Suppose -y = -6 + o. Let j = y + 66. What is the greatest common divisor of j and 18?
9
Suppose -262*f = -225*f - 407. What is the greatest common divisor of 1408 and f?
11
Suppose -14 - 7 = -3*c. Let a be (40635/(-774))/(5/(-16)). What is th